ime factors of d(-39).
5, 37, 113
Suppose 74*w - 3276628 = -60*w - 305044. List the prime factors of w.
2, 3, 7, 11
Let a(d) = 169*d**2 - 36*d + 447. What are the prime factors of a(7)?
2, 13, 163
Let k(t) = 2*t**2 + 2. Let p be 1*(4 - (-4 + 5)). Let d be k(p). Suppose -27*u + 1484 = -d*u. List the prime factors of u.
2, 53
Let i(t) = 50*t**3 + 7*t**2 + 5 + t - 22*t**3 - 27*t**3. Let s be i(-7). What are the prime factors of (-17745)/(-119) - s - 2/17?
151
Suppose -8*i = -1827 - 2933. Let d = -224 + i. What are the prime factors of d?
7, 53
Let l(g) = 63*g + 28. Let t(y) = -21*y - 9. Let r(w) = -2*l(w) - 7*t(w). Let f be r(9). List the prime factors of 4/(64/12)*f.
3, 7
Let w(j) = 21*j**2 + 2*j - 3. Let o be w(4). Suppose -o*l = -332*l - 4392. List the prime factors of l.
2, 61
Let v = 14102 + -5441. What are the prime factors of v?
3, 2887
Suppose 26*f - 110 = 4*f. Suppose 132 = 3*v - 4*m + 1, -5*v + 265 = f*m. List the prime factors of v.
7
Let g(t) = 2*t**3 - 12*t**2 + 57*t - 8. Let b be g(9). Let a = -570 + b. What are the prime factors of a?
421
Let o(g) = 1098*g**3 + 2*g - 13. List the prime factors of o(2).
3, 5, 13
Suppose 3*x + 64425 + 69396 = 3*i, 0 = 2*x + 8. List the prime factors of i.
13, 47, 73
List the prime factors of (158/3*82218/(-1136))/((-2)/24).
3, 79, 193
Let g = 740 - 661. Let i = 72 + -11. Suppose g = 2*y - i. List the prime factors of y.
2, 5, 7
Suppose 3*i + 16 = 1. Let a(m) = -2*m**3 - 4*m**2 + 8*m + 3. List the prime factors of a(i).
113
Let a(n) = n + 1. Let b(p) = p**2 - 24*p + 15. Let t(k) = -6*a(k) - b(k). What are the prime factors of t(9)?
2, 3, 5
What are the prime factors of -4*(230664/(-60) - -4) + (-6)/10?
15361
Let y = 2770 - -406. List the prime factors of y.
2, 397
Let m(b) = -12*b - 23. Let l(t) = -3*t + 10. Suppose -26 = -4*w - 2*z + z, 0 = -5*z + 10. Let j be l(w). What are the prime factors of m(j)?
73
Let t(r) be the third derivative of 115*r**4/24 - 31*r**3 + 104*r**2. What are the prime factors of t(9)?
3, 283
Let i be 26/(-6) + 8 + 1/3. Suppose -c - 89 = 3*n - i*n, n = 5*c + 109. What are the prime factors of (4 - 406/49)/((-2)/n)?
2, 3, 5
Suppose 3*i + 8 - 23 = 0. Suppose -5 = -2*d - 3*o, i*o + 0*o - 11 = -4*d. Suppose -2*j - 5*g = -65, -d*j + j + 3*g = -87. List the prime factors of j.
2, 3, 5
Suppose -p = -0*p + 5, p = 4*z - 5861. Let y = z + -828. What are the prime factors of y?
2, 3, 53
Let t(b) = 15*b**2 - 13*b + 4. Let w be t(-2). Suppose -w = -x - 4*u, 15*u = -2*x + 13*u + 168. What are the prime factors of x?
2, 41
Let w(k) be the first derivative of k**3/3 - 3*k**2/2 + 4*k + 17. Let s be w(7). Let t = s - -68. List the prime factors of t.
2, 5
Suppose 15 = -3*l, -3*l - 6 - 1 = -2*n. Let u(o) = -43*o - 54. What are the prime factors of u(n)?
2, 59
Suppose -88288 = -178791*h + 178775*h. List the prime factors of h.
2, 31, 89
Let w = 25 - 169. List the prime factors of w/(-27)*(-45)/(-2) + -3.
3, 13
Let g(u) = -6*u - 2. Let o be g(-1). Suppose -4*q - 422 = -5*q - z, 0 = o*z - 12. What are the prime factors of q?
419
Let p = -46 - -44. List the prime factors of 8437/11 - (p - 1).
2, 5, 7, 11
Suppose -3*g + 107 + 622 = 0. Suppose 0 = 2*m - x + 125 - 29, -5*m + x = g. Let o = 103 + m. List the prime factors of o.
2, 3
Let r(m) = -m**2 + 2*m - 36. Let a be r(-11). Let n = 144 + a. What are the prime factors of (-4851)/n - 2/(-5)?
139
Let s(q) = -168*q - 226. List the prime factors of s(-100).
2, 8287
Let c(k) = 16*k**2 - 34*k + 66. What are the prime factors of c(12)?
2, 3, 109
Suppose -s - 4*l = 623, 5 = 7*l - 2*l. Let h be (s/(-9))/(2/12). Suppose 5*v = h - 33. What are the prime factors of v?
7, 11
Suppose 2629 = 21*i - 2663. Let c = 20 + -14. Suppose 20*b - i = c*b. List the prime factors of b.
2, 3
Suppose 0 = -5*g + 2*x + 79, 3*g - x - 63 + 15 = 0. Suppose -10*l = -g*l + 3150. Let w = -298 + l. List the prime factors of w.
2, 19
Suppose -4*w + 20840 = 4*x - 43720, 8 = 2*x. List the prime factors of w.
2, 2017
Let j(w) = -w**3 - 9*w**2 - 8*w + 10. Let q be j(-8). List the prime factors of 177 - (3/(-15) - 28/q).
2, 3, 5
Let p be 2 + (1 + 5908/8)*-2. Let q = p - -3297. List the prime factors of 1/3 + q/39.
47
Let g = -63 - -63. Suppose g = -2*q - p - 11 + 26, 5*q - 5*p = 30. Suppose -130 = -q*s + 2*s. What are the prime factors of s?
2, 13
Let s = 45 + -42. Suppose u - 481 = 2*z, 5*u + z + s*z - 2377 = 0. Suppose 2*q - 3*h = 187, -5*q - 44 = 4*h - u. What are the prime factors of q?
89
Let l be -6 + 3 + (-2 - -3). Let b be 31 - (-2 - (l - 1)). Let f = b + 38. What are the prime factors of f?
2, 17
Let k = 673 + 679. Suppose 0 = -62*u + 58*u + k. What are the prime factors of u?
2, 13
Let p = 25 + -54. Let i = 32 + p. Suppose 0 = -3*n + i*x + 36, -4*n + 0*n + 2*x + 44 = 0. What are the prime factors of n?
2, 5
Suppose 52*b + 28*b = 843932 + 503268. List the prime factors of b.
2, 5, 421
Suppose -1 = -5*q + 4*a + 4, 2*a = 3*q - 5. Suppose -3*v + 945 = 2*j + 344, -4*j = q*v - 1199. List the prime factors of j.
2, 37
Suppose 5*m - 377*i + 375*i = 175459, -8*m + 5*i + 280738 = 0. List the prime factors of m.
3, 7, 557
Let k(b) = 14*b**2 - 4*b + 4. Let w(i) = 3*i**2. Let o(s) = -3*k(s) + 24*w(s). List the prime factors of o(4).
2, 3, 43
Let q(f) = 536*f**2 - 104*f - 552. What are the prime factors of q(-5)?
2, 3, 557
Let s(j) = 17*j - 20. Let g(d) = 3. Let c(f) = 3*g(f) + s(f). Let m = -2 + 7. What are the prime factors of c(m)?
2, 37
Suppose -4*q - 7 = -x, -4*q + 1 - 29 = -4*x. Let t(d) = 8*d**2 + 38*d - 9. What are the prime factors of t(x)?
11, 59
Let y be 2/(4 - 6650/1663). Let f = y - 1098. List the prime factors of f.
5, 113
Let o(k) = k**3 - 11*k**2 + 28*k + 12. Let p be o(9). Let a = p + 7. List the prime factors of a.
109
Suppose 0 = -863*x + 1718*x - 887*x + 1882496. List the prime factors of x.
2, 7, 11, 191
Let u(t) = -74*t**3 + 9*t**2 + 3*t + 75. List the prime factors of u(-5).
5, 1907
Let n = -10602 + 15428. List the prime factors of n.
2, 19, 127
List the prime factors of (8*(-5790)/960)/((-1)/40).
2, 5, 193
List the prime factors of 17/459*-12 + (-26113)/(-9).
3, 967
Suppose 4*l - 7*a = 89727, 3*a + 67311 = -13*l + 16*l. List the prime factors of l.
2, 31, 181
List the prime factors of -7 + 11 - (-4920 + 16/(-4)).
2, 7, 11
Let a = 18564 + 23605. List the prime factors of a.
42169
Suppose 9*f + d = 5*f + 55, 9 = f + 5*d. What are the prime factors of (-5*469/f)/((-2)/4)?
5, 67
Let a be -8*2/(-4) - 3. Let l be 2*3*(a/(-2) - -1). Suppose 5*d - 2*q - 215 = 3*q, d - 33 = l*q. What are the prime factors of d?
2, 3
Suppose 63*m - 57*m - 1362 = 0. Let u = m + 309. List the prime factors of u.
2, 67
List the prime factors of 1036112/336 + 1/3.
2, 3, 257
Let o be (-168)/(-44) + (-2)/(-11). Suppose 6 = r - 4*i, 4 = 2*r - o*i - 4. Suppose r*c + 93 = b + 2, -97 = -b + 5*c. List the prime factors of b.
3, 29
What are the prime factors of 16/(-48)*(-3 + 24) - -7927?
2, 3, 5, 11
Suppose 7*k + 20568 = 4*k + 4*j, 34306 = -5*k - 2*j. List the prime factors of 6/9 + k/(-6).
2, 11, 13
Let b be (2 - 5) + 35/(0 + 5). List the prime factors of (119 - (2 - 5))*10/b.
5, 61
Let a(v) = v + 17. Let x be a(-8). Suppose x*t = 7*t. Suppose -10*u + 7*u + 114 = t. What are the prime factors of u?
2, 19
Let c(b) = 14*b**2 + 7*b + 16. Suppose -p + 9 = -4*g - 20, -2*g = 3*p + 11. List the prime factors of c(g).
653
Let u = 3444 + -1371. What are the prime factors of -6*u/(-45) - 8/20?
2, 3, 23
Let r(i) be the second derivative of 11*i**3/3 - 116*i**2 + 3*i - 44. What are the prime factors of r(31)?
2, 3, 5
Suppose -2*k + 5*u + 10489 = 0, -5*k + 16612 = -2*u - 9579. What are the prime factors of k?
5237
Suppose -8*a - 269 - 283 = 0. List the prime factors of 23/a + 3704/6.
617
Let k(b) = -10725*b - 2018. What are the prime factors of k(-3)?
53, 569
Let g be 408/(-2)*(-27)/54. Suppose -727 + g = -5*w. What are the prime factors of w?
5
Let l(q) = 465*q**2 + 160*q - 1190. List the prime factors of l(8).
2, 3, 5, 199
Let f(t) = t**2 - 6*t + 12. Let x be f(6). Let h be -3 + (-1 - -1) - (10 - x). What are the prime factors of (-1 - -2 - 1)/h + 155?
5, 31
Let f(g) = g**2 + g + 1. Let s be 23/4 + (0 - 1/(-4)). Let c(y) = -5*y**2 - 9*y - 27. Let a(w) = s*f(w) + c(w). List the prime factors of a(9).
3, 11
Let s be 28